 thousands digit of 8559429?
5
What is the thousands digit of 409340?
9
What is the hundreds digit of 2199225?
2
What is the units digit of 194842?
2
What is the hundred thousands digit of 19701550?
7
What is the ten thousands digit of 1798559?
9
What is the thousands digit of 10303089?
3
What is the units digit of 15621742?
2
What is the tens digit of 8354?
5
What is the millions digit of 10464811?
0
What is the ten thousands digit of 1212940?
1
What is the thousands digit of 13223?
3
What is the thousands digit of 679648?
9
What is the thousands digit of 97788?
7
What is the tens digit of 779199?
9
What is the hundreds digit of 138050?
0
What is the hundreds digit of 471174?
1
What is the hundred thousands digit of 370706?
3
What is the hundreds digit of 138800?
8
What is the thousands digit of 2173261?
3
What is the units digit of 9197999?
9
What is the tens digit of 17089396?
9
What is the hundreds digit of 614664?
6
What is the tens digit of 11237?
3
What is the ten thousands digit of 248313?
4
What is the hundred thousands digit of 263136?
2
What is the tens digit of 678416?
1
What is the millions digit of 25353570?
5
What is the hundreds digit of 199173?
1
What is the ten thousands digit of 76561?
7
What is the ten thousands digit of 415100?
1
What is the hundreds digit of 2891955?
9
What is the units digit of 74052?
2
What is the ten thousands digit of 10071?
1
What is the ten thousands digit of 283066?
8
What is the units digit of 7867894?
4
What is the hundreds digit of 1763340?
3
What is the units digit of 40951?
1
What is the units digit of 1970136?
6
What is the thousands digit of 5530446?
0
What is the hundreds digit of 2234279?
2
What is the tens digit of 145070?
7
What is the thousands digit of 568116?
8
What is the units digit of 4208409?
9
What is the ten thousands digit of 23480996?
8
What is the ten millions digit of 13209122?
1
What is the hundred thousands digit of 7195652?
1
What is the hundred thousands digit of 457702?
4
What is the thousands digit of 77718?
7
What is the millions digit of 3950595?
3
What is the ten thousands digit of 13071362?
7
What is the tens digit of 766732?
3
What is the millions digit of 4978620?
4
What is the hundred thousands digit of 2232718?
2
What is the tens digit of 4429582?
8
What is the millions digit of 8679154?
8
What is the ten thousands digit of 207586?
0
What is the hundred thousands digit of 156976?
1
What is the hundred thousands digit of 4007074?
0
What is the hundred thousands digit of 4086271?
0
What is the thousands digit of 4744?
4
What is the ten thousands digit of 3063665?
6
What is the ten thousands digit of 9153891?
5
What is the tens digit of 1432158?
5
What is the units digit of 779037?
7
What is the tens digit of 560143?
4
What is the hundreds digit of 1474388?
3
What is the ten thousands digit of 3088928?
8
What is the thousands digit of 217814?
7
What is the hundreds digit of 258407?
4
What is the thousands digit of 107160?
7
What is the tens digit of 177528?
2
What is the thousands digit of 2429654?
9
What is the units digit of 6134636?
6
What is the hundred thousands digit of 33133085?
1
What is the hundreds digit of 774920?
9
What is the ten millions digit of 11618469?
1
What is the ten thousands digit of 1093866?
9
What is the units digit of 197460?
0
What is the millions digit of 3205634?
3
What is the thousands digit of 1235480?
5
What is the thousands digit of 424012?
4
What is the thousands digit of 73336?
3
What is the millions digit of 10645635?
0
What is the units digit of 12899840?
0
What is the ten thousands digit of 555358?
5
What is the units digit of 2819435?
5
What is the ten thousands digit of 4106237?
0
What is the millions digit of 4034671?
4
What is the units digit of 10745?
5
What is the hundreds digit of 2273307?
3
What is the thousands digit of 15674?
5
What is the millions digit of 4469480?
4
What is the hundred thousands digit of 34151848?
1
What is the hundred thousands digit of 240317?
2
What is the hundreds digit of 1990913?
9
What is the ten thousands digit of 25883032?
8
What is the hundreds digit of 439956?
9
What is the thousands digit of 483078?
3
What is the millions digit of 2027557?
2
What is the thousands digit of 1422286?
2
What is the hundreds digit of 2543021?
0
What is the hundred thousands digit of 1378417?
3
What is the hundreds digit of 236604?
6
What is the units digit of 4063591?
1
What is the hundreds digit of 702814?
8
What is the units digit of 994814?
4
What is the millions digit of 18450605?
8
What is the hundreds digit of 372024?
0
What is the hundreds digit of 2851864?
8
What is the hundred thousands digit of 1538410?
5
What is the hundred thousands digit of 30295334?
2
What is the thousands digit of 975048?
5
What is the hundreds digit of 437665?
6
What is the units digit of 9873649?
9
What is the hundreds digit of 1200540?
5
What is the ten thousands digit of 114125?
1
What is the units digit of 964583?
3
What is the hundreds digit of 60602?
6
What is the hundred thousands digit of 411459?
4
What is the ten thousands digit of 6510561?
1
What is the ten thousands digit of 20025401?
2
What is the units digit of 1110969?
9
What is the units digit of 667547?
7
What is the ten thousands digit of 19148994?
4
What is the ten thousands digit of 52370?
5
What is the thousands digit of 25965131?
5
What is the hundreds digit of 23853?
8
What is the hundred thousands digit of 211775?
2
What is the hundred thousands digit of 265154?
2
What is the thousands digit of 287515?
7
What is the tens digit of 18489373?
7
What is the hundred thousands digit of 16583764?
5
What is the units digit of 7162869?
9
What is the thousands digit of 371071?
1
What is the thousands digit of 285237?
5
What is the tens digit of 1392246?
4
What is the tens digit of 13574833?
3
What is the ten thousands digit of 1021455?
2
What is the tens digit of 41205?
0
What is the millions digit of 4833113?
4
What is the ten thousands digit of 1242187?
4
What is the ten thousands digit of 397202?
9
What is the ten thousands digit of 562714?
6
What is the ten thousands digit of 35676346?
7
What is the units digit of 127021?
1
What is the units digit of 8824103?
3
What is the millions digit of 7531216?
7
What is the ten thousands digit of 1167573?
6
What is the ten millions digit of 11575524?
1
What is the thousands digit of 599242?
9
What is the units digit of 593396?
6
What is the millions digit of 1371553?
1
What is the ten thousands digit of 976517?
7
What is the units digit of 478740?
0
What is the hundreds digit of 162433?
4
What is the hundreds digit of 4287057?
0
What is the tens digit of 13774?
7
What is the tens digit of 71225?
2
What is the ten thousands digit of 434096?
3
What is the hundred thousands digit of 1624396?
6
What is the hundreds digit of 4506573?
5
What is the ten thousands digit of 294569?
9
What is the hundreds digit of 9466687?
6
What is the hundreds digit of 473301?
3
What is the thousands digit of 89806?
9
What is the units digit of 2756679?
9
What is the millions digit of 24665025?
4
What is the thousands digit of 13658?
3
What is the tens digit of 230877?
7
What is the thousands digit of 9866036?
6
What is the units digit of 4163207?
7
What is the tens digit of 16753?
5
What is the units digit of 2604163?
3
What is the hundred thousands digit of 2114945?
1
What is the ten thousands digit of 248809?
4
What is the tens digit of 324896?
9
What is the tens digit of 4109836?
3
What is the tens digit of 167216?
1
What is the ten millions digit of 10507267?
1
What is the thousands digit of 2116173?
6
What is the units digit of 522651?
1
What is the tens digit of 481721?
2
What is the tens digit of 11191350?
5
What is the units digit of 168031?
1
What is the thousands digit of 223744?
3
What is the units digit of 217788?
8
What is the ten thousands digit of 1653666?
5
What is the units digit of 3435028?
8
What is the ten thousands digit of 23494765?
9
What is the hundreds digit of 7694702?
7
What is the ten thousands digit of 586653?
8
What is the ten thousands digit of 534771?
3
What is the millions digit of 1140434?
1
What is the hundreds digit of 968528?
5
What is the tens digit of 4442?
4
What is the units digit of 799693?
3
What